+ -325?
-241
In base 3, what is -1011 + 122?
-112
In base 6, what is 1 - -30?
31
In base 15, what is 54 - -1?
55
In base 2, what is -1 + -10001111110?
-10001111111
In base 14, what is -41d + 2?
-41b
In base 5, what is -344 + 311?
-33
In base 6, what is -1500 - -4?
-1452
In base 5, what is 100 + 101?
201
In base 7, what is 4 - -215?
222
In base 14, what is 1 - 3?
-2
In base 14, what is -10 - -1?
-d
In base 7, what is 3414 - 0?
3414
In base 12, what is 21 + -80?
-5b
In base 13, what is 406 - 2?
404
In base 4, what is -3233 + -20?
-3313
In base 13, what is -22 - 21?
-43
In base 5, what is -32 - 12?
-44
In base 11, what is 55 + 2a?
84
In base 10, what is 193 - -5?
198
In base 4, what is 3 - -1100?
1103
In base 12, what is 32 - a?
24
In base 6, what is -11113 - 0?
-11113
In base 7, what is 10 - 12?
-2
In base 10, what is 49 - -11?
60
In base 2, what is 1110110000010 - 10?
1110110000000
In base 16, what is -6 - bf?
-c5
In base 9, what is 8 - -4?
13
In base 16, what is 0 + 39?
39
In base 5, what is 241 - -32?
323
In base 9, what is 1 + -343?
-342
In base 6, what is -5 - -20434?
20425
In base 11, what is 7 + a?
16
In base 15, what is -4 - -3?
-1
In base 16, what is -28 + 0?
-28
In base 7, what is -4 + 126?
122
In base 12, what is 4350 - -2?
4352
In base 3, what is 2222 + 21?
10020
In base 6, what is 12314 - 0?
12314
In base 15, what is -63d - -2?
-63b
In base 7, what is -335 + 4?
-331
In base 15, what is -24 + -8?
-2c
In base 3, what is -1 + 1212011?
1212010
In base 16, what is -2 - 1?
-3
In base 8, what is -17743 + 0?
-17743
In base 7, what is 13615 - 4?
13611
In base 3, what is -120121 - 1?
-120122
In base 7, what is 104601 - 5?
104563
In base 15, what is 4 + -2d?
-29
In base 15, what is -1d05 - -2?
-1d03
In base 6, what is -2 + 21240?
21234
In base 3, what is 1 - -1120?
1121
In base 10, what is 33553 + -5?
33548
In base 5, what is 3 - 10121?
-10113
In base 4, what is -1110 + 3?
-1101
In base 6, what is 3544 - 4?
3540
In base 15, what is -163 - -9d?
-b5
In base 7, what is -2215 + -1?
-2216
In base 15, what is -28 - 6?
-2e
In base 2, what is -1011 - 110001?
-111100
In base 10, what is 229 + 18?
247
In base 2, what is -100 + -101101?
-110001
In base 5, what is 1112220 + -2?
1112213
In base 5, what is -10 + 32?
22
In base 5, what is 111 - 10?
101
In base 5, what is -1021 + -121?
-1142
In base 2, what is 10001100 - 10100?
1111000
In base 6, what is -4005 + -21?
-4030
In base 15, what is 2 + ce?
d1
In base 16, what is 29ff - 2?
29fd
In base 13, what is 6 + -45?
-3c
In base 7, what is -1 + 162?
161
In base 11, what is -5 - -31?
27
In base 16, what is 3 - -388?
38b
In base 13, what is 5 - -72?
77
In base 5, what is -4 + 210?
201
In base 6, what is -1 - 103?
-104
In base 2, what is -1101 + -111?
-10100
In base 7, what is -12246 + -2?
-12251
In base 12, what is -1a03 + -3?
-1a06
In base 3, what is 10 - 2002220?
-2002210
In base 7, what is -1002 - 3?
-1005
In base 11, what is -13 - -1?
-12
In base 15, what is 4 + 20?
24
In base 14, what is -a6 - -3?
-a3
In base 3, what is -110 + -100?
-210
In base 12, what is 1b - -6?
25
In base 7, what is 32 - -205?
240
In base 8, what is -4 + -252?
-256
In base 4, what is -20111 - 1?
-20112
In base 14, what is 13 + 210?
223
In base 4, what is -12 - -212?
200
In base 6, what is 1132 + 3?
1135
In base 15, what is 58 - 1?
57
In base 16, what is 1 - -1622?
1623
In base 11, what is 8 - -644?
651
In base 10, what is -2 - -142?
140
In base 8, what is -20 + -7?
-27
In base 15, what is -2 - -253?
251
In base 3, what is -210 - 11?
-221
In base 15, what is 1 + -24?
-23
In base 14, what is 5 - -82?
87
In base 2, what is -1001101 + -1?
-1001110
In base 3, what is -2 - 101021?
-101100
In base 16, what is -1 + 14c?
14b
In base 14, what is 325 - -1?
326
In base 12, what is 292 + 3?
295
In base 9, what is -8 - 165?
-174
In base 6, what is -113412 + 1?
-113411
In base 3, what is 12 - 1110?
-1021
In base 7, what is -3061 + -10?
-3101
In base 10, what is 5 - -2971?
2976
In base 15, what is 3 + 122?
125
In base 8, what is -152 - 164?
-336
In base 3, what is -21102 + -12?
-21121
In base 16, what is -100 - -4?
-fc
In base 9, what is 1 - -1237?
1238
In base 3, what is 22202220 - -1?
22202221
In base 14, what is 523 + -6?
51b
In base 15, what is 3 - -56?
59
In base 12, what is -101 - 3b?
-140
In base 4, what is 0 + -12022?
-12022
In base 13, what is -1 - -1525?
1524
In base 11, what is -2 + -29?
-30
In base 16, what is -1 + -12?
-13
In base 3, what is 111 - 1?
110
In base 7, what is -3035 - -4?
-3031
In base 15, what is -b + 1?
-a
In base 11, what is 49 - 0?
49
In base 13, what is -b + 1c3?
1b5
In base 15, what is -1e - 66?
-85
In base 7, what is -2 - -510?
505
In base 10, what is 2 + 2183?
2185
In base 15, what is -9 - -15?
b
In base 4, what is -1 + 2131?
2130
In base 4, what is -20 + -212232?
-212312
In base 6, what is 105 + -4?
101
In base 9, what is 61 - -38?
110
In base 12, what is a02 - 0?
a02
In base 5, what is -3 - -124?
121
In base 7, what is -13 - -10?
-3
In base 11, what is 146 - 2?
144
In base 5, what is 23 - -101?
124
In base 16, what is d - -30?
3d
In base 12, what is 3 - -30a?
311
In base 15, what is 4e + 65?
b4
In base 14, what is 7478 + 3?
747b
In base 14, what is 0 - -15?
15
In base 9, what is 8618 + 5?
8624
In base 10, what is 28 + -654?
-626
In base 2, what is 101111100 + -100?
101111000
In base 13, what is 2 - -3?
5
In base 5, what is -12 + 431?
414
In base 3, what is 20001111 + -11?
20001100
In base 11, what is 3 - 4?
-1
In base 9, what is 223 - 115?
107
In base 4, what is -1312 + -231?
-2203
In base 8, what is 4 + -53?
-47
In base 16, what is a3a + c?
a46
In base 11, what is 3 - -239?
241
In base 2, what is 1011 - -10001?
11100
In base 3, what is -22 - -1202?
1110
In base 11, what is -676 + 4?
-672
In base 2, what is -111011001 + -1?
-111011010
In base 12, what is 14 + 6?
1a
In base 9, what is 0 - -12287?
12287
In base 9, what is 115 + 23?
138
In base 15, what is -a - -199?
18e
In base 4, what is 12331 - -213?
13210
In base 8, what is 65746 + 4?
65752
In base 10, what is -5 + -252?
-257
In base 11, what is 9 - 1049?
-1040
In base 12, what is -17b + 6?
-175
In base 11, what is 301 + 3?
304
In base 10, what is 146 - 1?
145
In base 4, what is -3012 + -3?
-3021
In base 13, what is -75 + 1?
-74
In base 2, what is 1001100 - 0?
1001100
In base 4, what is 222 + 11?
233
In base 16, what is -9 + -28?
-31
In base 7, what is -552 + -2?
-554
In base 10, what is -4 + 2816?
2812
In base 13, what is a5 + a?
b2
In base 14, what is -4 - ad?
-b3
In base 3, what is 200 - -12222?
20122
In base 13, what is b789 - 1?
b788
In base 12, what is 3 - 82?
-7b
In base 15, what is 2 + -30?
-2d
In base 10, what is -267 + 2?
-265
In base 2, what is -10000001110 - -10?
-10000001100
In base 8, what is -73 - -5?
-66
In base 5, what is 341 - 2224?
-1333
In base 16, what is 0 + -38?
-38
In base 14, what is 0 + -5d?
-5d
In base 16, what is -e - -f?
1
In base 11, what is -91 - -1?
-90
In base 8, what is 51 + 3?
54
In base 3, what is 12122 - -2?
12201
In base 10, what is 60 + -33?
27
In base 10, what is 57 - 113?
-56
In base 8, what is 47 + 100?
147
In base 2, what is 10101000 - -11?
10101011
In base 15, what is -2 + 37?
35
In base 2, what is 11101 - 11001110?
-10110001
In base 6, what is -20025 - 4?
-20033
In base 5, what is 10 - 1?
4
In base 16, what is -4 + 1a?
16
In base 16, what is 3 + -1d03?
-1d00
In base 13, what is 225 + 1?
226
In base 14, what is -6 + -22b?
-233
In base 9, what is -10 - -3?
-6
In base 9, what is -57 - 0?
-57
In base 3, what is 10 - -120022?
120102
In base 8, what is 4021 + -7?
4012
In base 12, what is 30 + 4?
34
In base 3, what is -2 + -12001012?
-12001021
In base 16, what is -4 - 59a?
-59e
In base 16, what is -3 + d0?
cd
In base 2, what is -10110 - -11111?
1001
In base 7, what is 222 + 0?
222
In base 8, what is 2 + -55?
-53
In base 5, what is -1240413 - 3?
-1240421
In base 15, what is 5 - 7c?
-77
In base 8, what is -43271 - -4?
-43265
In base 4, what is -20103 - 12?
-20121
In base 6, what is 0 + 202?
202
In base 8, what is 217 - 2?
215
In base 12, what is 120 - -1?
121
In base 8, what is -2 + -66?
-70
In base 14, what is -4 + -db?
-101
In base 10, what is -3 - -177?
174
In base 15, what is -485b - 4?
-4860
In base 5, what is 4 + 14344